{"id":196,"date":"2025-02-27T05:32:20","date_gmt":"2025-02-27T05:32:20","guid":{"rendered":"https:\/\/skystar.com.bo\/producto\/sistema-de-sonido-convertible-de-2-1-canales\/"},"modified":"2025-03-05T18:22:28","modified_gmt":"2025-03-05T18:22:28","slug":"sistema-de-sonido-convertible-de-2-1-canales","status":"publish","type":"product","link":"https:\/\/skystar.com.bo\/?product=sistema-de-sonido-convertible-de-2-1-canales","title":{"rendered":"Sistema de sonido convertible de 2.1 canales"},"content":{"rendered":"<p>La impresionante barra de sonido de KlipXtreme revoluciona la forma de escuchar tu m\u00fasica. Este vers\u00e1til sistema est\u00e9reo de 2.1 canales cuenta con sat\u00e9lites que se transforman en dos torres id\u00e9nticas, en parlantes laterales izquierdo y derecho para m\u00e1xima flexibilidad de ubicaci\u00f3n; y lo mejor de todo, \u00e9stos se convierten tambi\u00e9n en una barra de sonido \u00fanica, la cual se caracteriza por su elegante y estilizado dise\u00f1o.<\/p>\n<p>El exclusivo parlante iluminado de ultragraves es capaz de reproducir la gama profunda de bajos con un realismo impresionante, infundiendo as\u00ed vida propia a cada nota. Equipado con la \u00faltima tecnolog\u00eda inal\u00e1mbrica Bluetooth, el sistema reproduce con toda fluidez m\u00fasica proveniente de cualquier dispositivo compatible hasta 15 metros de distancia de la fuente de audio.<\/p>\n<p>Con una potencia de sonido de 160 watts que s\u00f3lo se compara con la fidelidad de las pel\u00edculas, \u00a1este sistema de sonido complementar\u00e1 a la perfecci\u00f3n tu sala de entretenimiento o sistema de cine en casa!<\/p>\n<h3>ESPECIFICACIONES<\/h3>\n<ul>\n<li>Tipo: Barra de sonido inal\u00e1mbrica de 2.1 canales.<\/li>\n<li>RMS referencial: 160W.<\/li>\n<li>Tecnolog\u00eda de acentuaci\u00f3n de sonido: Efecto envolvente 3D y parlante de gran potencia para la reproducci\u00f3n de graves.<\/li>\n<li>Modo de pausa: \u00a0S\u00ed (tras de 15 minutos de inactividad) 100\/240V.<\/li>\n<li>Entrada de CA: 60\/50Hz, con detecci\u00f3n autom\u00e1tica.<\/li>\n<li>Iluminaci\u00f3n LED: \u00a06 efectos de iluminaci\u00f3n (5 colores distintos m\u00e1s 1 ciclo con todos los colores).<\/li>\n<\/ul>\n<h4>Parlante\u00a0Sat\u00e9lite<\/h4>\n<ul>\n<li>Unidad del parlante: 57mm por canal (4 en total).<\/li>\n<li>Frecuencia: 135Hz-20kHz.<\/li>\n<li>Impedancia: 4\u03a9.<\/li>\n<li>Sensibilidad:\u00a0 45dB.<\/li>\n<li>Nivel de presi\u00f3n de sonido: 95dB con una distorsi\u00f3n arm\u00f3nica total inferior al 1%.<\/li>\n<li>Relaci\u00f3n de se\u00f1al a ruido: 70dB.<\/li>\n<\/ul>\n<h4>Parlante\u00a0Graves<\/h4>\n<ul>\n<li>Unidad del parlante: 203.2mm.<\/li>\n<li>Frecuencia: 30Hz-104kHz.<\/li>\n<li>Impedancia: 8\u03a9.<\/li>\n<li>Sensibilidad: 45dB.<\/li>\n<li>Nivel de presi\u00f3n de sonido: 90dB con una distorsi\u00f3n arm\u00f3nica total inferior al 1%.<\/li>\n<li>Relaci\u00f3n de se\u00f1al a ruido: 70dB.<\/li>\n<\/ul>\n<h4>Conectividad<\/h4>\n<ul>\n<li>Tipo de conexi\u00f3n: Bluetooth V4.0, 3,5mm (con adaptador) y RCA.<\/li>\n<li>Frecuencia inal\u00e1mbrica: 2.4GHz-2.48GHz.<\/li>\n<li>Alcance inal\u00e1mbrico: 15m.<\/li>\n<\/ul>\n<h4>Informaci\u00f3n adicional<\/h4>\n<ul>\n<li>Dimensiones de los parkante satelites: 120x110x415mm.<\/li>\n<li>Dimensiones del parlante de graves: 240x350x355mm.<\/li>\n<li>Peso del producto: 5.2Kg.<\/li>\n<li>Garant\u00eda: Un a\u00f1o limitada.<\/li>\n<\/ul>\n","protected":false},"excerpt":{"rendered":"<p>CR\u00c9DITO: 6 cuotas de 260 Bs\/mes.<\/p>\n","protected":false},"featured_media":317,"template":"","meta":[],"product_brand":[23],"product_cat":[25],"product_tag":[38],"class_list":{"0":"post-196","1":"product","2":"type-product","3":"status-publish","4":"has-post-thumbnail","6":"product_brand-klip-xtreme","7":"product_cat-equipos-de-sonido","8":"product_tag-sound-bar","10":"first","11":"instock","12":"taxable","13":"shipping-taxable","14":"purchasable","15":"product-type-simple"},"_links":{"self":[{"href":"https:\/\/skystar.com.bo\/index.php?rest_route=\/wp\/v2\/product\/196","targetHints":{"allow":["GET"]}}],"collection":[{"href":"https:\/\/skystar.com.bo\/index.php?rest_route=\/wp\/v2\/product"}],"about":[{"href":"https:\/\/skystar.com.bo\/index.php?rest_route=\/wp\/v2\/types\/product"}],"wp:featuredmedia":[{"embeddable":true,"href":"https:\/\/skystar.com.bo\/index.php?rest_route=\/wp\/v2\/media\/317"}],"wp:attachment":[{"href":"https:\/\/skystar.com.bo\/index.php?rest_route=%2Fwp%2Fv2%2Fmedia&parent=196"}],"wp:term":[{"taxonomy":"product_brand","embeddable":true,"href":"https:\/\/skystar.com.bo\/index.php?rest_route=%2Fwp%2Fv2%2Fproduct_brand&post=196"},{"taxonomy":"product_cat","embeddable":true,"href":"https:\/\/skystar.com.bo\/index.php?rest_route=%2Fwp%2Fv2%2Fproduct_cat&post=196"},{"taxonomy":"product_tag","embeddable":true,"href":"https:\/\/skystar.com.bo\/index.php?rest_route=%2Fwp%2Fv2%2Fproduct_tag&post=196"}],"curies":[{"name":"wp","href":"https:\/\/api.w.org\/{rel}","templated":true}]}}